) + 24)).
-128
What is the value of (652 - 711) + (28 - -1)?
-30
What is 32 - (-28 - (-80 - -44))?
24
What is (-5 - (-8 + 12)) + (7 - 12)?
-14
Evaluate -10 + (-8 - -3) - (-5 + 31 - 136).
95
What is -36 + 0 + ((-2 - -12) + 153 + -169 - -2)?
-40
Evaluate 19 + (-33 + (5 - -7) - (-5 + -3)) + -132.
-126
What is (-4 - 109) + 70 + 10?
-33
Calculate -7 - (-5 - -25) - -58 - (1 + 6 - -2).
22
Calculate (3022 - 3036) + (1 - 70).
-83
What is the value of 1126 + -1129 - ((6 - 4) + 2 + -1 + -1)?
-5
Evaluate -9 - -2 - ((11 - 12 - 27) + 2 + 5).
14
Calculate -37 - ((-94 - -51) + 27).
-21
-468 + 564 + (2 + -29 - (0 + -6))
75
Evaluate -31 + (19 - (-5 + (-2 - -4) + 9)).
-18
(-13 + -1 - (-5 - 3)) + (5 - -45) - -8
52
-7 + 1 + 40 + -47 + -21
-34
Calculate (116 - (3 + -7 + 3)) + -117 + -17 + 140.
123
What is the value of 9 + (-46 - -89 - 105 - (-1 + 2 + 13))?
-67
Calculate (53 - -41) + -185 - -59.
-32
(2 - 4) + 59 + -16 + (3 - -32) + -18
58
What is the value of 0 + (2 - 0) + (390 + -502 - (-38 - 2))?
-70
Evaluate -25 - (-56 - -1 - -29 - -82).
-81
What is the value of -12 - (1 - 4) - (-11 + 14) - (0 + 4)?
-16
What is the value of 0 + -53 + (-76 - (-99 + 7))?
-37
-1 + 0 + -16 + (23 - 15)
-9
What is (41 - 11) + (-16 - 40) + -13?
-39
What is 29 - -1 - (162 + -58)?
-74
Calculate (8 - (31 - -25)) + 85.
37
What is the value of 23 - (18 - 15) - 6 - -11?
25
What is the value of -1 + -36 + (50 - 81 - -23) - -1?
-44
Evaluate (1 - -1 - (4 - 2)) + (8291 - 8238).
53
What is the value of -78 + 5 + (2 - (-20 + 4 + 11))?
-66
What is the value of (28 - (-14 + -3 + 13)) + -1 + 0?
31
29 + -12 + (6 - (13 - 10))
20
What is the value of -10 + 40 + -17 - (-5 - -29)?
-11
What is the value of -52 + 78 + -6 - (43 + -6)?
-17
Calculate 6 - (-33 - ((-24 - -14) + 11)).
40
Calculate 54 - 61 - (5 - 149 - (3 + -2 + -4)).
134
What is -13 + 6 - (-22 + 7 + 1 - -11)?
-4
Evaluate -11 - (-29 + 28) - (-20 + 2).
8
What is the value of 25 + (18 - 26) - (9 + 97) - 5?
-94
What is -9 - (7 - (7 - -6)) - (11 + 6 - -24)?
-44
What is -5 - (33 - (12 + 10) - (3 - -14))?
1
Calculate -1 - (-9 + (-4 - (-11 + 76 + -4))).
73
What is (0 - -3 - (1 - 9)) + -17 + 35?
29
What is 2 + -5 - (-1 + 12 + -5 - (-2 - -3))?
-8
What is the value of 720 + -821 - (-4 - 59)?
-38
129 - (-167 + 129 - -56)
111
(-31 - (22 - 6)) + 37
-10
Evaluate 86 + (19 - -2 - (3 - 2)) + (209 - 217).
98
Evaluate -83 - ((76 - 41) + -64).
-54
Calculate -7 - ((0 - (-14 - -15)) + -7) - 77.
-76
What is the value of (5355 - 5268) + (10 - 1) + -3 + 2?
95
Evaluate 11 + -20 + -17 + (24 - 11).
-13
What is the value of (-2 + 1 - -34) + (17 - (136 - 103)) - -15?
32
Evaluate 85 + (-99 - (-44 + -67)).
97
What is -66 - -56 - (11 - (-12 - -3 - -143))?
113
What is the value of -11 + (-2 + -1 - (-33 + 11)) + -4?
4
What is the value of -126 + -6 + (104 - 162 - -89)?
-101
Calculate 125 + -47 + -73 + -15 - (52 + 1 - 0).
-63
Calculate (10 - (6 - 3)) + (13 - (10 + 2 + -45)).
53
What is the value of -44 - (-28 - 44) - 15?
13
What is 55 + -17 - 74 - -78?
42
What is 65 + -61 + -11 - -87?
80
Calculate -2682 - -2615 - (-1 - 35).
-31
Evaluate 6 + (-42 - -15) - (10 + 1).
-32
1 - -8 - ((8 - (14 + 18)) + 87)
-54
What is the value of -17 + (-51 - -51 - -20) + (45 - 1 - -1)?
48
Calculate 5 - (0 + 11 - (123 + (3 - -24) + -14)).
130
-70 - (61 + 3 + -86)
-48
What is -15 + (18 - -1) + -5 + -13 + 1 - 45?
-58
Evaluate 87 - (-9 - -47) - 87.
-38
Evaluate 2 + (-15 - (-16 - -4) - (-5 - (-17 - -1))).
-12
Evaluate -9 - ((9 - (3 - -102)) + 1 + 7).
79
What is -224 + (156 - (66 - 54))?
-80
What is (-3 - (-83 + 18)) + -134?
-72
What is the value of 23 + -8 - ((-15 - (-8 - 9)) + 43)?
-30
What is 8 - (-7 + -2 - (-30 + 37)) - 11?
13
What is -403 + 366 + (79 - 5)?
37
What is the value of 11 - ((-35 + -3 + 0 - 12) + 7)?
54
What is the value of (-22 - -19) + 14 + -21 + 14?
4
Evaluate 72 + -57 + 10 + 2 + 21.
48
-32 + 6 + (12 - (3 - -10))
-27
What is -667 + 654 - (-10 + -3 + 2)?
-2
What is -13 + 4 + 27 + -14 + 1 + -66 + 4?
-57
What is (-91 - (-6 - (-19 + 33))) + 18?
-53
Calculate -106 - (12 - (-70 - -129)).
-59
108 - 43 - -26 - (-2 - (-8 + 0))
85
What is the value of 31 + (-4 - ((-8 - -4) + (28 - 28) + -8))?
39
What is the value of 33 + -43 + 6 + 8 + -136 + 0?
-132
-1 + (-38 - (3 - (3 + -1))) + (27706 - 27711)
-45
Evaluate (15 + 3 - 7) + (-3 + -7 - 63).
-62
Evaluate 20 - 46 - -47 - (1 + 54).
-34
68 - -1 - (19 - 6 - (76 + (-46 - 10)))
76
Evaluate 4703 + -4641 + (-62 - -1).
1
What is 0 + (3 + 0 - -3) - (18 - 54 - 35)?
77
What is -54 - (-8 + -53 + 45)?
-38
Calculate (5 + -6 - 3) + -341 + 356.
11
Calculate (8 - -20) + (5 - 39 - -50).
44
What is the value of (-6 - 2) + 46 - (-267 + 291)?
14
-71 + -22 + 43 + (-4 - -13) + 5
-36
(-71 - 47) + 186 + -24
44
What is (0 + 10 - -2) + 897 + -909 - (67 - -2)?
-69
Evaluate 21 + -111 - (-47 + 32) - (3 + -1 + -4).
-73
What is the value of 68 + (-2 - -1) - (-1 + 164 - 172)?
76
Calculate 8700 + -8716 - (0 + -1).
-15
0 + -1 - (85 + (-32 - 53))
-1
Calculate (164 + 9 - 47) + (-2 + 2 - (0 - 0)).
126
Evaluate 17 + 5 + -2 + (2018 - 2020).
18
Evaluate 22 + -10 + (-157 - -44) - (0 + -7).
-94
What is the value of (-78 - -41) + 19 - -5?
-13
What is -114 + 136 + (-11 - 7 - -12)?
16
Evaluate 1 + 25 + (5 - 8) + -2 - (522 + -530).
29
-3 + (67 - 39) - (-53 + -2)
80
What is (-2 - (-49 + 6)) + -15?
26
Evaluate 12 - ((-6 - -15 - 21) + 13 + 36).
-25
Evaluate -22 - ((34 - -16) + (-5 - -10)).
-77
Calculate -25 + 104 + 12 + -14 + (6 - 1) + 0.
82
What is the value of -71 - (-72 + 36) - -81?
46
What is the value of -41 + -34 + 46 + 1?
-28
Calculate 17 + -1 + 3 - (497 - 466).
-12
What is -4 - (0 + 21 - 4) - 39?
-60
Calculate -40 + (4 - 1) + 1 + -10 + 21 + -6.
-31
Evaluate (49 - (114 - 58)) + -18.
-25
(42 - 7) + 39 + -51 + 26
49
379 + -261 + -11 + (-3 - (-1 + (-1 - -1)))
105
Calculate (-3 - 6) + 10 + 1 + (14 - 11) + 7.
12
(-10 - (-11 + -2 - -25)) + -12
-34
What is the value of -5 + 50 - (-21 + (-6 - -18) - -5)?
49
-5 - -74 - 91 - (12 - -1)
-35
Evaluate 6 - (62 + -58 - (-12 - 113 - 8)).
-131
-19 - -38 - (12 - 3 - -1 - 15)
24
What is (7 - -96) + -1188 + 1088?
3
What is the value of 11 + (1 + 20 - (298 + -294))?
28
Calculate 5 + -7 + -1 + (-12 - -7 - 10 - 10).
-28
(63 - 65 - -197) + -68
127
-196 - -228 - (8 + 21)
3
Calculate -1 + -9 + -6 - 10 - -15.
-11
Evaluate -31 + 40 - (-7 - (34 + 9 + (-4 - 3))).
52
Calculate -15 + (9 - (-1 - -18) - -29).
6
Evaluate (115 - 112) + (1 + -2 - 1 - (186 - 106)).
-79
What is the value of -13 + -29 + (30 - 21 - -32)?
-1
What is -36 + -14 + -2 + (9 - (-10 + 9 - 0))?
-42
Calculate ((-53 - -37) + 23 - (93 + 2)) + 1.
-87
What is 8 - (23 + -15 - (-25 - 18))?
-43
Calculate (-1 - 15) + (18 - 61) + 40.
-19
Evaluate 93 + 0 - (-2359 - -2400).
52
48 - 45 - (6 - (11 + -8 + 6))
6
What is the value of (-3 - -9 - (33 - 106)) + 1?
80
Evaluate -7 - 18 - (-1 + -1 + (-16 - -14) + 0).
-21
Calculate -19 + (-2 + 15 + 4 + -4 - 37).
-43
What is 0 + 7 - (6 - (2 + -92 + 7)) - 6?
-88
Evaluate 2 + 7 + (-13 - -11 - (-84 + -1 - -4)).
88
Evaluate (-152 - -122) + 41 + (-25 - -1) - (50 - 3).
-60
-148799 + 148897 + (1 - 9 - (1 + -1 + 1))
89
Calculate 47 + -2 + -15 + -7 + 5.
28
Calculate -2017 + 1985 + (-6 - -2).
-36
51 + -16 + 13 - 80
-32
What is 32 + (11 - (277 - 286 - (-35 + 1)))?
18
What is -36 + 172 + -50 + -68?
18
14 + -36 - (-28 + -15)
21
0 + 253 - (3864 - 3735)
124
What is the value of 19 + (-7 - (-8 + 7 - 8 - 0 - -7))?
14
What is (5 - -17) + (-130 - (-10 + -6) - -9)?
-83
What is the value of -44 + 0 - (-12 + -9 + (5 - (-7 - 3)))?
-38
99 + -71 + 6 + (1 - 0)
35
What is the value of 42 - (21 + -33 + 1 + 0) - (1 - -2)?
50
What is the value of (63 - (60 - 79)) + -6 + (1 - 1)?
76
Calculate -4 + 43 + -83 + -72.
-116
What is -117 + 6 + 1 + -10 + -8 + (-6 - -16)?
-118
What is 3 + -18 + 2 + (20 - 11) + -9 + 0?
-13
Evaluate 30 - 1 - -5 - (34 + -29 - 19).
48
What is 4 + 28 + 108 + -123 + (-7 - -1)?
11
17 - (-11 + 37) - -68
59
What is -84 + (92 - -18) + 2 + -12 + -4?
12
Evaluate 29 + -21 + -10 + (1 - (34 + 3)).
-38
-34 + 45 + 18 - (86 + -3)
-54
Evaluate -342 + 148 + 79 - -241.
126
What is -2 + -36 + 17 + 4 + 1 + 4 + 11?
-1
-65 - -6 - (-213 - -210)
-56
Calculate -1 + 19 + -151 + (-87 - -207).
-13
What is (41 - 8) + 2 + -22 + -58?
-45
What is the value of (4 - (-5 + 6 + 7)) + (41 - (11 - 12))?
38
What is 22 + (-4 - -2) + 